{"id":1866,"date":"2021-08-29T17:27:17","date_gmt":"2021-08-29T21:27:17","guid":{"rendered":"http:\/\/170.249.38.144\/lacb\/?page_id=1866"},"modified":"2022-12-20T10:57:32","modified_gmt":"2022-12-20T15:57:32","slug":"articles-videos-films-emissions","status":"publish","type":"page","link":"https:\/\/association-lacblanc.org\/index.php\/articles-videos-films-emissions\/","title":{"rendered":"Articles\/Videos\/Films\/\u00c9missions"},"content":{"rendered":"\n<p><a href=\"https:\/\/ici.radio-canada.ca\/tele\/la-semaine-verte\/site\/episodes\/588441\/lacs-pollution-eau-potable\">Lacs sous surveillance (04 d\u00e9cembre 2021)<\/a><br><a rel=\"noreferrer noopener\" href=\"https:\/\/www.lesoleil.com\/actualite\/environnement\/nos-lacs-sous-pression-des-fosses-septiques-problematiques-5b5352a414f5423721d979cfcb6fd0c2\" target=\"_blank\">Trafic sur les lacs (28 juin 2021) # 3<\/a><br>T<a rel=\"noreferrer noopener\" href=\"https:\/\/www.lesoleil.com\/actualite\/nos-lacs-sous-pression-la-guerre-au-myriophylle-a-epis-c55f5684a7933c03da9b41ab90757564\" target=\"_blank\">rafic sur les lacs (27 juin 2021) # 2<\/a><br>T<a rel=\"noreferrer noopener\" href=\"https:\/\/www.lesoleil.com\/actualite\/ces-bateaux-qui-derangent-c18b51d5cde1640dd670689ae2993e81\" target=\"_blank\">rafic sur les lacs (26 juin 2021) # 1 <\/a><br><a rel=\"noreferrer noopener\" href=\"https:\/\/ici.radio-canada.ca\/tele\/la-semaine-verte\/site\/segments\/reportage\/339436\/myriophylle-epis-plante-envahissante\" data-type=\"URL\" data-id=\"https:\/\/ici.radio-canada.ca\/tele\/la-semaine-verte\/site\/segments\/reportage\/339436\/myriophylle-epis-plante-envahissante\" target=\"_blank\">\u00c9mission &#8211; La semaine verte (janvier 2021)<\/a><br><a rel=\"noreferrer noopener\" href=\"https:\/\/ici.radio-canada.ca\/info\/videos\/media-8129320\/myriophylle-a-epi-cet-ennemi-a-abattre\" target=\"_blank\">\u00c9mission Radio-Canada sur le myriophylle \u00e0 \u00e9pis (ao\u00fbt 2020)<\/a><br><a rel=\"noreferrer noopener\" href=\"https:\/\/www.youtube.com\/watch?v=UWVj6dqh37A\" target=\"_blank\">Film &#8211; R\u00e9flexion du Lac Sept-\u00eeles (avril 2013)<\/a><\/p>\n\n\n\n<p><\/p>\n","protected":false},"excerpt":{"rendered":"<p>Lacs sous surveillance (04 d\u00e9cembre 2021)Trafic sur les lacs (28 juin 2021) # 3Trafic sur les lacs (27 juin 2021) # 2Trafic sur les lacs (26 juin 2021) # 1 \u00c9mission &#8211; La semaine verte (janvier 2021)\u00c9mission Radio-Canada sur le myriophylle \u00e0 \u00e9pis (ao\u00fbt 2020)Film &#8211; R\u00e9flexion du Lac Sept-\u00eeles (avril 2013)<\/p>\n","protected":false},"author":1,"featured_media":2661,"parent":0,"menu_order":0,"comment_status":"closed","ping_status":"closed","template":"","meta":{"footnotes":""},"class_list":["post-1866","page","type-page","status-publish","has-post-thumbnail","hentry","entry"],"_links":{"self":[{"href":"https:\/\/association-lacblanc.org\/index.php\/wp-json\/wp\/v2\/pages\/1866","targetHints":{"allow":["GET"]}}],"collection":[{"href":"https:\/\/association-lacblanc.org\/index.php\/wp-json\/wp\/v2\/pages"}],"about":[{"href":"https:\/\/association-lacblanc.org\/index.php\/wp-json\/wp\/v2\/types\/page"}],"author":[{"embeddable":true,"href":"https:\/\/association-lacblanc.org\/index.php\/wp-json\/wp\/v2\/users\/1"}],"replies":[{"embeddable":true,"href":"https:\/\/association-lacblanc.org\/index.php\/wp-json\/wp\/v2\/comments?post=1866"}],"version-history":[{"count":3,"href":"https:\/\/association-lacblanc.org\/index.php\/wp-json\/wp\/v2\/pages\/1866\/revisions"}],"predecessor-version":[{"id":3100,"href":"https:\/\/association-lacblanc.org\/index.php\/wp-json\/wp\/v2\/pages\/1866\/revisions\/3100"}],"wp:featuredmedia":[{"embeddable":true,"href":"https:\/\/association-lacblanc.org\/index.php\/wp-json\/wp\/v2\/media\/2661"}],"wp:attachment":[{"href":"https:\/\/association-lacblanc.org\/index.php\/wp-json\/wp\/v2\/media?parent=1866"}],"curies":[{"name":"wp","href":"https:\/\/api.w.org\/{rel}","templated":true}]}}