{"id":1828,"date":"2021-08-27T14:51:14","date_gmt":"2021-08-27T18:51:14","guid":{"rendered":"http:\/\/170.249.38.144\/lacb\/?page_id=1828"},"modified":"2023-07-06T05:34:39","modified_gmt":"2023-07-06T09:34:39","slug":"nos-partenaires","status":"publish","type":"page","link":"https:\/\/association-lacblanc.org\/index.php\/nos-partenaires\/","title":{"rendered":"Nos partenaires"},"content":{"rendered":"\n<p><a rel=\"noreferrer noopener\" href=\"https:\/\/saintubalde.com\/\" data-type=\"URL\" data-id=\"https:\/\/saintubalde.com\/\" target=\"_blank\">Municipalit\u00e9 de St-Ubalde<\/a><br><a rel=\"noreferrer noopener\" href=\"http:\/\/www.capsa-org.com\/\" data-type=\"URL\" target=\"_blank\">CAPSA<\/a><br><a rel=\"noreferrer noopener\" href=\"https:\/\/mecaniquemicheldelisle.com\/\" target=\"_blank\">M\u00e9canique Michel Delisle<\/a><br><a rel=\"noreferrer noopener\" href=\"https:\/\/www.familiprix.com\/fr\/pharmacies\/jean-philippe-bergeron-38b2bd0d-ff30-47e0-8c43-2eabfc59f284\" target=\"_blank\">Pharmacie Familiprix<\/a><br><a rel=\"noreferrer noopener\" href=\"http:\/\/www.campingdulacblanc.com\/\" target=\"_blank\">Camping Lac Blanc<\/a><br>Pain Pain Pain<br><a rel=\"noreferrer noopener\" href=\"http:\/\/xn--plumes%20et%20lgumes%20%28plumesetlegumes-pvd.com%29\/\" target=\"_blank\">Plumes et L\u00e9<\/a><a rel=\"noreferrer noopener\" href=\"http:\/\/plumesetlegumes.com\/\" target=\"_blank\">gumes<\/a><br><a rel=\"noreferrer noopener\" href=\"http:\/\/xn--garage%20bernard%20hardy%20%20mcanique%2C%20usinage%2C%20soudure%2C%20batteries%2C%20quais%20et%20acriculture-5pj3e09663c.%20%28garagebh.com%29\/\" target=\"_blank\">Garage Bernard Ha<\/a><a rel=\"noreferrer noopener\" href=\"https:\/\/garagebh.com\/\" target=\"_blank\">rdy<\/a><br><a rel=\"noreferrer noopener\" href=\"https:\/\/esu.rocks\/\" target=\"_blank\">E.S.U.<\/a><br><a rel=\"noreferrer noopener\" href=\"https:\/\/brasserieinox.com\/\" target=\"_blank\">Brasserie Inox<\/a><br><a rel=\"noreferrer noopener\" href=\"https:\/\/restaurants.subway.com\/canada\/qc\/courcelette\/190-rue-dube?utm_source=yxt-bing&amp;utm_medium=local&amp;utm_term=acq&amp;utm_content=22595&amp;utm_campaign=evergreen-2020\" target=\"_blank\">Subway <\/a><br><a rel=\"noreferrer noopener\" href=\"https:\/\/assnat.qc.ca\/fr\/deputes\/caron-vincent-17849\/index.html\" target=\"_blank\">Vincent Caron <\/a><br><a rel=\"noreferrer noopener\" href=\"https:\/\/www.facebook.com\/epiceriesaintubalde\" target=\"_blank\">\u00c9picerie Intermarch\u00e9<\/a><br><a rel=\"noreferrer noopener\" href=\"https:\/\/lheureuxinc.com\/\" target=\"_blank\">Caf\u00e9 L&rsquo;Heureux<\/a><br><a rel=\"noreferrer noopener\" href=\"https:\/\/www.performancevoyer.com\/\" target=\"_blank\">Performance Voyer<\/a><br>Ferme Thomas-Louis Denis<br>Domaine du Lac Blanc<br><a rel=\"noreferrer noopener\" href=\"https:\/\/jdhm.ca\/nous-joindre\/\" target=\"_blank\">J.D.H.M.<\/a><br><a rel=\"noreferrer noopener\" href=\"https:\/\/incendieunik.ca\/\" target=\"_blank\">UNIK Protection Incendie<\/a><br>Construction Fred Genest<br><a rel=\"noreferrer noopener\" href=\"https:\/\/mecaniquemicheldelisle.com\/\" data-type=\"URL\" target=\"_blank\"><br><\/a><br><br><br><br><br><br><br><\/p>\n","protected":false},"excerpt":{"rendered":"<p>Municipalit\u00e9 de St-UbaldeCAPSAM\u00e9canique Michel DelislePharmacie FamiliprixCamping Lac BlancPain Pain PainPlumes et L\u00e9gumesGarage Bernard HardyE.S.U.Brasserie InoxSubway Vincent Caron \u00c9picerie Intermarch\u00e9Caf\u00e9 L&rsquo;HeureuxPerformance VoyerFerme Thomas-Louis DenisDomaine du Lac BlancJ.D.H.M.UNIK Protection IncendieConstruction Fred Genest<\/p>\n","protected":false},"author":1,"featured_media":2662,"parent":0,"menu_order":0,"comment_status":"closed","ping_status":"closed","template":"","meta":{"footnotes":""},"class_list":["post-1828","page","type-page","status-publish","has-post-thumbnail","hentry","entry"],"_links":{"self":[{"href":"https:\/\/association-lacblanc.org\/index.php\/wp-json\/wp\/v2\/pages\/1828","targetHints":{"allow":["GET"]}}],"collection":[{"href":"https:\/\/association-lacblanc.org\/index.php\/wp-json\/wp\/v2\/pages"}],"about":[{"href":"https:\/\/association-lacblanc.org\/index.php\/wp-json\/wp\/v2\/types\/page"}],"author":[{"embeddable":true,"href":"https:\/\/association-lacblanc.org\/index.php\/wp-json\/wp\/v2\/users\/1"}],"replies":[{"embeddable":true,"href":"https:\/\/association-lacblanc.org\/index.php\/wp-json\/wp\/v2\/comments?post=1828"}],"version-history":[{"count":22,"href":"https:\/\/association-lacblanc.org\/index.php\/wp-json\/wp\/v2\/pages\/1828\/revisions"}],"predecessor-version":[{"id":3411,"href":"https:\/\/association-lacblanc.org\/index.php\/wp-json\/wp\/v2\/pages\/1828\/revisions\/3411"}],"wp:featuredmedia":[{"embeddable":true,"href":"https:\/\/association-lacblanc.org\/index.php\/wp-json\/wp\/v2\/media\/2662"}],"wp:attachment":[{"href":"https:\/\/association-lacblanc.org\/index.php\/wp-json\/wp\/v2\/media?parent=1828"}],"curies":[{"name":"wp","href":"https:\/\/api.w.org\/{rel}","templated":true}]}}